s -12 (base 9) in base 6?
-15
What is -34 (base 7) in base 13?
-1c
8b (base 14) to base 9
146
What is 2 (base 16) in base 2?
10
Convert 3 (base 9) to base 3.
10
Convert 25 (base 13) to base 2.
11111
82 (base 10) to base 9
101
What is 3 (base 11) in base 6?
3
What is 73 (base 13) in base 14?
6a
Convert 25 (base 7) to base 14.
15
What is -1 (base 7) in base 4?
-1
0 (base 6) to base 3
0
Convert -1344 (base 5) to base 3.
-22022
Convert 0 (base 10) to base 4.
0
-206 (base 10) to base 9
-248
47 (base 8) to base 13
30
Convert -5 (base 10) to base 11.
-5
-6 (base 12) to base 13
-6
What is 1110 (base 2) in base 4?
32
What is -a (base 16) in base 3?
-101
6 (base 7) to base 12
6
What is 1 (base 15) in base 11?
1
19 (base 14) to base 2
10111
-422 (base 6) to base 10
-158
What is -322 (base 8) in base 5?
-1320
Convert 77 (base 8) to base 16.
3f
Convert -3 (base 13) to base 10.
-3
What is -1bd (base 14) in base 3?
-111110
What is 124 (base 7) in base 9?
74
What is 21 (base 7) in base 13?
12
What is -2 (base 10) in base 16?
-2
Convert -222 (base 6) to base 5.
-321
Convert 12 (base 7) to base 14.
9
Convert 3 (base 7) to base 6.
3
Convert -23 (base 7) to base 12.
-15
Convert -10b (base 14) to base 11.
-179
1 (base 4) to base 16
1
Convert 12 (base 9) to base 15.
b
What is -8 (base 9) in base 2?
-1000
What is 4 (base 5) in base 3?
11
Convert -158 (base 13) to base 11.
-200
Convert 0 (base 13) to base 8.
0
What is 55 (base 9) in base 3?
1212
What is -124 (base 7) in base 11?
-61
-9 (base 11) to base 13
-9
Convert -72 (base 8) to base 10.
-58
Convert -2 (base 5) to base 15.
-2
What is -218 (base 11) in base 13?
-171
What is -14 (base 10) in base 2?
-1110
c9 (base 14) to base 7
342
What is -26 (base 8) in base 10?
-22
What is -12 (base 3) in base 13?
-5
-33 (base 9) to base 10
-30
Convert -1 (base 3) to base 8.
-1
Convert -c (base 16) to base 10.
-12
3 (base 6) to base 14
3
What is -c9 (base 16) in base 6?
-533
-1c (base 16) to base 15
-1d
What is 52 (base 10) in base 4?
310
0 (base 10) to base 3
0
What is 31 (base 10) in base 8?
37
What is -43 (base 11) in base 6?
-115
111 (base 3) to base 12
11
What is -8 (base 11) in base 16?
-8
-11 (base 6) to base 11
-7
What is 46 (base 7) in base 12?
2a
Convert -1 (base 4) to base 2.
-1
Convert 111101 (base 2) to base 4.
331
-2 (base 15) to base 4
-2
Convert -23 (base 6) to base 7.
-21
-111 (base 3) to base 10
-13
4 (base 11) to base 8
4
-4 (base 11) to base 12
-4
102 (base 8) to base 5
231
What is 21 (base 7) in base 3?
120
What is -43 (base 6) in base 14?
-1d
-20 (base 7) to base 6
-22
40 (base 5) to base 7
26
-201 (base 4) to base 2
-100001
What is 5 (base 13) in base 2?
101
What is 10100 (base 2) in base 15?
15
64 (base 8) to base 4
310
-1 (base 4) to base 2
-1
Convert 1 (base 8) to base 14.
1
Convert -1 (base 9) to base 3.
-1
54 (base 9) to base 8
61
Convert -20210 (base 3) to base 6.
-503
Convert 45 (base 12) to base 5.
203
Convert 66 (base 8) to base 7.
105
-42 (base 10) to base 5
-132
What is 117 (base 10) in base 12?
99
-12 (base 16) to base 15
-13
40 (base 10) to base 12
34
What is 4a (base 14) in base 6?
150
Convert 21 (base 13) to base 4.
123
-2 (base 12) to base 3
-2
Convert 1202 (base 3) to base 6.
115
4 (base 12) to base 3
11
10010110 (base 2) to base 16
96
What is 21 (base 11) in base 9?
25
What is 8c (base 15) in base 9?
156
What is -5 (base 8) in base 6?
-5
Convert -3a (base 13) to base 9.
-54
What is 10 (base 7) in base 2?
111
What is -5 (base 11) in base 10?
-5
-50 (base 9) to base 7
-63
123 (base 12) to base 3
20100
5 (base 11) to base 7
5
1 (base 16) to base 2
1
Convert 1 (base 10) to base 4.
1
What is 2 (base 11) in base 13?
2
0 (base 5) to base 8
0
What is -5 (base 13) in base 15?
-5
What is -23 (base 4) in base 3?
-102
Convert -53 (base 12) to base 3.
-2100
4 (base 11) to base 9
4
Convert 232 (base 6) to base 2.
1011100
3 (base 8) to base 14
3
What is -1 (base 2) in base 6?
-1
Convert -1 (base 4) to base 16.
-1
What is 1204 (base 5) in base 6?
455
17 (base 15) to base 2
10110
Convert -223 (base 6) to base 12.
-73
1 (base 2) to base 15
1
What is 0 (base 7) in base 11?
0
Convert -1032 (base 4) to base 3.
-2220
Convert 100100 (base 3) to base 16.
fc
What is 2 (base 6) in base 11?
2
3 (base 10) to base 5
3
What is -4a (base 12) in base 9?
-64
b8 (base 16) to base 11
158
What is 10110 (base 2) in base 5?
42
Convert -9 (base 13) to base 16.
-9
Convert -11 (base 2) to base 3.
-10
Convert -10 (base 13) to base 3.
-111
What is -56 (base 14) in base 2?
-1001100
What is -2 (base 3) in base 9?
-2
6 (base 7) to base 4
12
14 (base 11) to base 4
33
Convert -1 (base 14) to base 7.
-1
-e9 (base 16) to base 5
-1413
What is -325 (base 6) in base 14?
-8d
c (base 13) to base 8
14
-33 (base 4) to base 7
-21
2 (base 6) to base 14
2
21 (base 3) to base 11
7
-13 (base 11) to base 8
-16
6 (base 10) to base 11
6
0 (base 11) to base 13
0
-222 (base 12) to base 16
-13a
17 (base 12) to base 2
10011
Convert -247 (base 12) to base 3.
-110201
-4 (base 16) to base 13
-4
-1001 (base 2) to base 11
-9
What is -123 (base 8) in base 2?
-1010011
Convert 3a (base 12) to base 3.
1201
a0 (base 11) to base 13
86
What is -55 (base 8) in base 7?
-63
Convert -1111 (base 2) to base 9.
-16
What is -1a (base 13) in base 10?
-23
Convert -9 (base 10) to base 12.
-9
What is 0 (base 14) in base 15?
0
13 (base 10) to base 5
23
-1000 (base 3) to base 2
-11011
2 (base 13) to base 11
2
-7 (base 8) to base 2
-111
Convert 2b (base 14) to base 10.
39
25 (base 16) to base 4
211
What is 0 (base 4) in base 9?
0
-4 (base 10) to base 15
-4
Convert 200 (base 6) to base 14.
52
Convert -37 (base 10) to base 15.
-27
What is 1 (base 3) in base 16?
1
Convert 13 (base 7) to base 10.
10
What is -52 (base 9) in base 4?
-233
-24 (base 9) to base 13
-19
What is -1 (base 4) in base 13?
-1
Convert -1 (base 2) to base 5.
-1
Convert 1 (base 16) to base 12.
1
What is 15 (base 14) in base 3?
201
-76 (base 10) to base 15
-51
Convert -10000000 (base 2) to base 12.
-a8
Convert -1 (base 15) to base 16.
-1
1110 (base 4) to base 6
220
-24 (base 14) to base 4
-200
-2323 (base 4) to base 13
-115
Convert -100 (base 3) to base 6.
-13
Convert 2 (base 8) to base 11.
2
Convert 10021 (base 3) to base 4.
1120
Convert -26 (base 7) to base 6.
-32
42 (base 5) to base 2
10110
What is 234 (base 9) in base 4?
3001
Convert -1 (base 4) to base 2.
-1
120 (base 9) to base 8
143
Convert 8e (base 15) to base 11.
112
What is 62 (base 13) in base 16?
50
11 (base 3) to base 6
4
What is -3 (base 14) in base 16?
-3
What is -142 (base 7) in base 13?
-61
-44 (base 8) to base 13
-2a
What is -40 (base 14) in base 12?
-48
What is 334 (base 5) in base 11?
86
-7 (base 12) to base 13
-7
What is 23 (base 5) in base 10?
13
-15 (base 9) to base 8
-16
What is 34 (base 13) in base 5?
133
What is -47 (base 16) in base 4?
-1013
Convert 3132 (base 4) to base 14.
11c
What is -21 (base 4) in base 10?
-9
1211 (base 3) to base 16
31
-20 (base 3) to base 13
-6
1001 (base 5) to base 2
1111110
Convert 6 (base 13) to base 2.
110
-80 (base 9) to base 16
-48
Convert 1010 (base 3) to base 4.
132
What is 11 (base 4) in base 14?
5
Convert 0 (base 12) to base 15.
0
What is 43 (base 7) in base 5?
111
11 (base 4) to base 8
5
Convert 21121 (base 3) to base 9.
247
What is -cc (base 14) in base 4?
-2310
4 (base 15) to base 12
4
Convert -33 (base 5) to base 4.
-102
What is -1 (base 9) in base 10?
-1
-52 (base 10) to base 3
-1221
What is -102 (base 9) in base 13?
-65
-102 (base 3) to base 7
-14
What is 9 (base 11) in base 4?
21
-11 (base 16) to base 14
-13
What is -2 (base 14) in base 9?
-2
What is 92 (base 11) in base 15?
6b
Convert 1 (base 3) to base 16.
1
Convert 0 (base 2) to base 10.
0
What is -13 (base 4) in base 3?
-21
Convert 1014 (base 5) to base 13.
a4
Convert a (base 13) to base 6.
14
What is 50 (base 14) in base 13?
55
102 (base 3) to base 11
10
2 (base 8) to base 6
2
-2 (base 9) to base 12
-2
Convert -12 (base 4) to base 2.
-110
6 (base 11) to base 3
20
Convert -14 (base 14) to base 11.
-17
100 (base 4) to base 15
11
Convert -b (base 16) to base 6.
-15
What is -6 (base 12) in base 13?
-6
What is 1b1 (base 12) in base 2?
100010101
-210 (base 7) to base 6
-253
What is -1010 (base 2) in base 6?
-14
Convert 9 (base 13) to base 16.
9
Wha